{"id":988,"date":"2016-08-02T11:03:38","date_gmt":"2016-08-02T11:03:38","guid":{"rendered":"http:\/\/physiotherapie-kuppinger.de\/?page_id=7"},"modified":"2022-06-10T15:15:27","modified_gmt":"2022-06-10T14:15:27","slug":"home","status":"publish","type":"page","link":"https:\/\/physiotherapie-kuppinger.de\/","title":{"rendered":"Home"},"content":{"rendered":"\t\t<div data-elementor-type=\"wp-page\" data-elementor-id=\"988\" class=\"elementor elementor-988\">\n\t\t\t\t\t\t<section class=\"elementor-section elementor-top-section elementor-element elementor-element-7fd7bfdf elementor-section-full_width elementor-section-stretched elementor-section-height-default elementor-section-height-default\" data-id=\"7fd7bfdf\" data-element_type=\"section\" data-settings=\"{&quot;background_background&quot;:&quot;classic&quot;,&quot;stretch_section&quot;:&quot;section-stretched&quot;}\">\n\t\t\t\t\t\t\t<div class=\"elementor-background-overlay\"><\/div>\n\t\t\t\t\t\t\t<div class=\"elementor-container elementor-column-gap-default\">\n\t\t\t\t\t<div class=\"elementor-column elementor-col-100 elementor-top-column elementor-element elementor-element-6d2017e7\" data-id=\"6d2017e7\" data-element_type=\"column\">\n\t\t\t<div class=\"elementor-widget-wrap elementor-element-populated\">\n\t\t\t\t\t\t<div class=\"elementor-element elementor-element-2a3f833f elementor-widget__width-inherit elementor-widget elementor-widget-text-editor\" data-id=\"2a3f833f\" data-element_type=\"widget\" data-widget_type=\"text-editor.default\">\n\t\t\t\t<div class=\"elementor-widget-container\">\n\t\t\t\t\t\t\t\t\t<h6>\u00a0<\/h6><h1 style=\"text-align: center;\">Herzlich Willkommen<\/h1><div>\u00a0<\/div><h3>Sch\u00f6n, dass Sie unsere Internetseite besuchen.<\/h3><h4 style=\"text-align: center;\">\u00a0<\/h4><h4 style=\"text-align: center;\"><em>Therapie so individuell wie Sie selbst<\/em><\/h4><div>\u00a0<\/div><h6><span style=\"color: #000000;\">Das ist der Anspruch, den wir uns als Therapeutinnen selbst stellen.\u00a0<\/span><\/h6><h6><span style=\"color: #000000;\">Uns ist es wichtig Sie auf ihre Bed\u00fcrfnisse angepasst zu behandeln\u00a0<\/span><\/h6><h6><span style=\"color: #000000;\">und mit Ihnen gemeinsam ein St\u00fcck Lebensqualit\u00e4t zur\u00fcck zu gewinnen.<\/span><\/h6><h6><span style=\"color: #000000;\">Neben Fachkompetenz durch stetige Fort- und Weiterbildung ist es uns wichtig,\u00a0<\/span><\/h6><h6><span style=\"color: #000000;\">dass Sie sich wertgesch\u00e4tzt und ernstgenommen f\u00fchlen,\u00a0<\/span><\/h6><h6><span style=\"color: #000000;\">sodass wir mit Ihnen gemeinsam zu einem Ziel kommen.<\/span><\/h6><h6><span style=\"color: #000000;\">Eine aufkl\u00e4rende Beratung und eine genaue Befunderhebung stehen f\u00fcr uns hier an oberster Stelle.<\/span><\/h6><p style=\"text-align: center;\">\u00a0<\/p><p><span style=\"color: #000000;\">Ihr Praxis-Team<\/span><\/p><p>\u00a0<\/p>\t\t\t\t\t\t\t\t<\/div>\n\t\t\t\t<\/div>\n\t\t\t\t\t<\/div>\n\t\t<\/div>\n\t\t\t\t\t<\/div>\n\t\t<\/section>\n\t\t\t\t<\/div>\n\t\t","protected":false},"excerpt":{"rendered":"<p>\u00a0 Herzlich Willkommen \u00a0 Sch\u00f6n, dass Sie unsere Internetseite besuchen. \u00a0 Therapie so individuell wie Sie selbst \u00a0 Das ist der Anspruch, den wir uns als Therapeutinnen selbst stellen.\u00a0 Uns ist es wichtig Sie auf ihre Bed\u00fcrfnisse angepasst zu behandeln\u00a0 und mit Ihnen gemeinsam ein St\u00fcck Lebensqualit\u00e4t zur\u00fcck zu gewinnen. Neben Fachkompetenz durch stetige Fort- [&hellip;]<\/p>\n","protected":false},"author":1,"featured_media":0,"parent":0,"menu_order":0,"comment_status":"closed","ping_status":"closed","template":"elementor_header_footer","meta":{"site-sidebar-layout":"default","site-content-layout":"default","ast-site-content-layout":"","site-content-style":"default","site-sidebar-style":"default","ast-global-header-display":"","ast-banner-title-visibility":"","ast-main-header-display":"","ast-hfb-above-header-display":"","ast-hfb-below-header-display":"","ast-hfb-mobile-header-display":"","site-post-title":"disabled","ast-breadcrumbs-content":"","ast-featured-img":"","footer-sml-layout":"","theme-transparent-header-meta":"default","adv-header-id-meta":"","stick-header-meta":"","header-above-stick-meta":"","header-main-stick-meta":"","header-below-stick-meta":"","astra-migrate-meta-layouts":"default","ast-page-background-enabled":"default","ast-page-background-meta":{"desktop":{"background-color":"","background-image":"","background-repeat":"repeat","background-position":"center center","background-size":"auto","background-attachment":"scroll","background-type":"","background-media":"","overlay-type":"","overlay-color":"","overlay-opacity":"","overlay-gradient":""},"tablet":{"background-color":"","background-image":"","background-repeat":"repeat","background-position":"center center","background-size":"auto","background-attachment":"scroll","background-type":"","background-media":"","overlay-type":"","overlay-color":"","overlay-opacity":"","overlay-gradient":""},"mobile":{"background-color":"","background-image":"","background-repeat":"repeat","background-position":"center center","background-size":"auto","background-attachment":"scroll","background-type":"","background-media":"","overlay-type":"","overlay-color":"","overlay-opacity":"","overlay-gradient":""}},"ast-content-background-meta":{"desktop":{"background-color":"var(--ast-global-color-5)","background-image":"","background-repeat":"repeat","background-position":"center center","background-size":"auto","background-attachment":"scroll","background-type":"","background-media":"","overlay-type":"","overlay-color":"","overlay-opacity":"","overlay-gradient":""},"tablet":{"background-color":"var(--ast-global-color-5)","background-image":"","background-repeat":"repeat","background-position":"center center","background-size":"auto","background-attachment":"scroll","background-type":"","background-media":"","overlay-type":"","overlay-color":"","overlay-opacity":"","overlay-gradient":""},"mobile":{"background-color":"var(--ast-global-color-5)","background-image":"","background-repeat":"repeat","background-position":"center center","background-size":"auto","background-attachment":"scroll","background-type":"","background-media":"","overlay-type":"","overlay-color":"","overlay-opacity":"","overlay-gradient":""}},"footnotes":""},"class_list":["post-988","page","type-page","status-publish","hentry"],"_links":{"self":[{"href":"https:\/\/physiotherapie-kuppinger.de\/index.php?rest_route=\/wp\/v2\/pages\/988","targetHints":{"allow":["GET"]}}],"collection":[{"href":"https:\/\/physiotherapie-kuppinger.de\/index.php?rest_route=\/wp\/v2\/pages"}],"about":[{"href":"https:\/\/physiotherapie-kuppinger.de\/index.php?rest_route=\/wp\/v2\/types\/page"}],"author":[{"embeddable":true,"href":"https:\/\/physiotherapie-kuppinger.de\/index.php?rest_route=\/wp\/v2\/users\/1"}],"replies":[{"embeddable":true,"href":"https:\/\/physiotherapie-kuppinger.de\/index.php?rest_route=%2Fwp%2Fv2%2Fcomments&post=988"}],"version-history":[{"count":46,"href":"https:\/\/physiotherapie-kuppinger.de\/index.php?rest_route=\/wp\/v2\/pages\/988\/revisions"}],"predecessor-version":[{"id":1361,"href":"https:\/\/physiotherapie-kuppinger.de\/index.php?rest_route=\/wp\/v2\/pages\/988\/revisions\/1361"}],"wp:attachment":[{"href":"https:\/\/physiotherapie-kuppinger.de\/index.php?rest_route=%2Fwp%2Fv2%2Fmedia&parent=988"}],"curies":[{"name":"wp","href":"https:\/\/api.w.org\/{rel}","templated":true}]}}